NOAA Reports/Αναφορές NOAA

Select a Year or Month report
2017 > Jan Feb Mar Apr May Jun Jul Aug Sep Oct Nov Dec
2016 > Jan Feb Mar Apr May Jun Jul Aug Sep Oct Nov Dec

Report for 2017
                            ANNUAL CLIMATOLOGICAL SUMMARY

NAME: Mohos Weather Station  CITY: Mohos   STATE: Greece  
ELEV:   420 m  LAT:  35 06' 00" N  LONG:  25 06' 00" E

               TEMPERATURE (C), HEAT BASE 18.3, COOL BASE 18.3
                          DEP.  HEAT  COOL                                          
        MEAN  MEAN        FROM  DEG   DEG                        MAX  MAX  MIN  MIN 
 YR MO  MAX   MIN   MEAN  NORM  DAYS  DAYS  HI  DATE  LOW  DATE  >=32 <=0  <=0  <=-18 
------------------------------------------------------------------------------------
 17  1  10.9   5.1   7.9   0.0   320     0  16.3  24  -3.7    9    0    0    2    0
 17  2  13.4   7.2  10.3   0.0   224     0  19.1  25   3.9   14    0    0    0    0
 17  3  14.5   8.2  11.2   0.0   189     1  21.6  26   5.4   16    0    0    0    0
 17  4  18.5  10.1  14.3   0.0   132    13  27.2  20   5.9   23    0    0    0    0
 17  5  23.0  14.8  19.0   0.0    43    63  34.9  13  11.2   20    1    0    0    0
 17  6  26.9  18.7  23.0   0.0     2   143  36.6  30  15.2    5    3    0    0    0
 17  7  28.3  20.9  24.8   0.0     0   201  35.9   2  18.4   17    7    0    0    0
 17  8  26.5  20.8  23.7   0.0     0   167  31.0  21  17.4   31    0    0    0    0
 17  9  27.7  18.6  23.2   0.0     1    87  36.1  11  16.1    7    2    0    0    0
 17 10
 17 11
 17 12
------------------------------------------------------------------------------------
        20.9  13.7  17.4   0.0   911   675  36.6 JUN  -3.7  JAN   13    0    2    0

                                PRECIPITATION (mm)

               DEP.   MAX        DAYS OF RAIN 
               FROM   OBS.          OVER
 YR MO  TOTAL  NORM   DAY  DATE  .2   2   20
---------------------------------------------
 17  1 112.4    0.0  15.6   10   18   14    0
 17  2  11.0    0.0   4.4   11    5    3    0
 17  3 104.0    0.0  46.8   30   15    9    1
 17  4  16.8    0.0  14.6   22    4    1    0
 17  5  14.8    0.0   3.8   19    8    4    0
 17  6  10.4    0.0   6.4    8    3    2    0
 17  7   0.6    0.0   0.6   17    1    0    0
 17  8   0.0    0.0   0.0    1    0    0    0
 17  9   0.0    0.0   0.0    1    0    0    0
 17 10
 17 11
 17 12
---------------------------------------------
       270.0   0.0  46.8  MAR   54   33    1

                                WIND SPEED (km/hr)
                          DOM
 YR MO   AVG.  HI   DATE  DIR
---------------------------------
 17  1   7.5  77.2    6    SW
 17  2   7.2  56.3   16    SW
 17  3   5.7  78.9    8   NNW
 17  4   5.6  64.4   20   NNW
 17  5   5.2  56.3    9   WNW
 17  6   4.7  74.0    8   NNW
 17  7   6.5  40.2    3   WNW
 17  8   7.0  43.5   16   WNW
 17  9   4.2  40.2   11   NNW
 17 10
 17 11
 17 12
---------------------------------
         6.0  78.9  MAR  WNW