NOAA Reports/Αναφορές NOAA

Select a Year or Month report

Report for 2016 Jun
                   MONTHLY CLIMATOLOGICAL SUMMARY for JUN. 2016

NAME: Mohos Weather Station   CITY: Mohos   STATE: Greece 
ELEV:   420 m  LAT:  35 03' 00" N  LONG:  25 04' 00" E

                   TEMPERATURE (C), RAIN  (mm), WIND SPEED (km/hr)

                                      HEAT  COOL        AVG
    MEAN                              DEG   DEG         WIND                 DOM
DAY TEMP  HIGH   TIME   LOW    TIME   DAYS  DAYS  RAIN  SPEED HIGH   TIME    DIR
------------------------------------------------------------------------------------
 1  27.8  32.9   13:30  21.6    5:40   0.0   9.5   0.0   3.4  19.3   13:50   NNW
 2  25.9  31.7   16:20  21.3    6:00   0.0   7.6   0.0   4.0  27.4   14:50   NNW
 3  24.3  28.5    9:10  19.3   23:30   0.0   6.0   0.0   4.5  24.1   17:30   WNW
 4  21.2  25.3   10:00  15.1    4:40   0.3   3.1   0.0   5.3  32.2   13:30   WNW
 5  21.2  24.5   13:50  16.3    5:50   0.2   3.1   0.0   4.7  24.1   10:30   NNW
 6  23.2  27.6   12:40  17.6    6:40   0.0   5.0   0.0   6.1  25.7   13:10   WNW
 7  21.6  24.8   14:40  18.3    6:00   0.0   3.3   0.0   5.8  25.7   16:10   NNW
 8  18.9  20.9   12:30  16.9   23:40   0.2   0.8   0.0   9.0  37.0   15:00    NW
 9  18.1  20.6   15:10  15.4   23:20   0.8   0.5   0.0  10.9  43.5    8:00   WNW
10  18.6  21.9   16:10  14.2    5:00   1.0   1.4   0.0   4.5  24.1   14:20   NNW
11  20.2  23.0   17:00  16.4    6:10   0.1   2.1   0.0   4.7  24.1   14:10   NNW
12  21.1  26.1   17:40  15.1    6:10   0.5   3.3   0.0   4.2  22.5   12:40   NNW
13  24.3  30.9   13:00  18.4    0:10   0.0   6.0   0.0   7.6  41.8   13:10    SW
14  25.3  30.8    1:50  20.6   22:20   0.0   7.1   0.0  14.8  86.9    7:10    SW
15  22.2  25.1   15:40  18.4    6:20   0.0   3.9   0.0  10.0  41.8   13:00   WNW
16  24.4  27.4   16:10  21.3   00:00   0.0   6.1   0.0   5.5  24.1   12:10   NNW
17  25.1  30.0   13:00  18.6    6:40   0.0   6.8   0.0   3.4  20.9   13:40   NNW
18  27.2  32.8   16:30  21.3    5:00   0.0   8.9   0.0   4.2  20.9   12:20   NNW
19  28.9  34.3   13:40  24.2    6:30   0.0  10.6   0.0   3.9  24.1   14:40   NNW
20  28.4  33.6   17:50  23.3    6:10   0.0  10.1   0.0   4.0  19.3   13:10   NNW
21  27.5  31.7   12:20  22.3    5:20   0.0   9.2   0.0   3.9  24.1   12:10   NNW
22  25.9  28.6   15:40  22.9    5:30   0.0   7.6   0.0   7.2  32.2   13:30   WNW
23  25.2  27.9   13:40  22.8    3:40   0.0   6.9   0.0   7.4  32.2   14:10   WNW
24  26.1  28.9   18:20  22.4    0:40   0.0   7.8   0.0   5.1  25.7   12:50   NNW
25  24.7  28.4   11:30  21.5   00:00   0.0   6.4   0.0   5.8  29.0   20:50   NNW
26  22.7  27.4   12:20  19.5    6:20   0.0   4.4   0.0   7.1  27.4   11:20   NNW
27  23.9  27.1   15:20  21.2    3:50   0.0   5.6   0.0   7.2  29.0   13:50   WNW
28  27.1  30.8   10:30  22.2    1:00   0.0   8.7   0.0   5.6  27.4   11:20    SE
29  23.5  26.3    0:10  20.8   00:00   0.0   5.2   0.0   6.4  27.4   12:20   NNW
30  22.9  25.9   13:00  19.2    6:00   0.0   4.6   0.0   6.1  30.6   16:30   NNW
-------------------------------------------------------------------------------------
    23.9  34.3    19    14.2    10     3.1 171.4   0.0   6.1  86.9    14     NNW

Max >=  32.0:  4
Max <=   0.0:  0
Min <=   0.0:  0
Min <= -18.0:  0
Max Rain: 0.00 ON 01/06/16
Days of Rain: 0 (> .2 mm) 0 (> 2 mm) 0 (> 20 mm)
Heat Base:  18.3  Cool Base:  18.3  Method: Integration