NOAA Reports/Αναφορές NOAA

Select a Year or Month report

Report for 2016 May
                   MONTHLY CLIMATOLOGICAL SUMMARY for MAY. 2016

NAME: Mohos Weather Station   CITY: Mohos   STATE: Greece 
ELEV:   420 m  LAT:  35 03' 00" N  LONG:  25 04' 00" E

                   TEMPERATURE (C), RAIN  (mm), WIND SPEED (km/hr)

                                      HEAT  COOL        AVG
    MEAN                              DEG   DEG         WIND                 DOM
DAY TEMP  HIGH   TIME   LOW    TIME   DAYS  DAYS  RAIN  SPEED HIGH   TIME    DIR
------------------------------------------------------------------------------------
 1  16.1  19.8   10:30  11.7    4:40   2.5   0.2   0.0   4.3  24.1   12:30   NNW
 2  17.9  23.4   16:30  13.4    0:50   1.3   1.0   1.4   8.9  53.1   19:40    SW
 3  16.1  20.3   12:50  13.3   22:30   2.3   0.1   0.6   9.7  48.3   21:20    SW
 4  15.1  18.5   15:30  12.3    6:10   3.2   0.0   1.4  10.5  40.2   12:00   WNW
 5  13.3  16.6   12:30  10.5    6:40   5.0   0.0   5.2   7.1  43.5    0:10   WNW
 6  14.2  17.6   13:10  10.3    6:40   4.1   0.0   0.0   6.4  32.2   15:50   NNW
 7  14.1  17.3   13:20  10.2    6:50   4.2   0.0   0.0   4.0  24.1   12:50   NNW
 8  16.1  20.5   15:40  11.7    5:00   2.5   0.3   0.6   4.2  22.5   15:40     W
 9  15.5  18.1   18:00  12.9    5:40   2.8   0.0   0.0   4.5  27.4    9:40   NNW
10  16.9  21.2   12:50  11.4    4:20   2.3   0.8   0.0   4.0  25.7   14:20   NNW
11  20.0  24.6   14:50  13.3    4:00   1.2   2.9   0.8   4.5  30.6   21:00   NNW
12  25.2  31.3   15:50  18.2    1:10   0.0   6.9   2.2   7.7  38.6   23:50     W
13  26.6  31.6   12:20  20.5   20:10   0.0   8.3   0.8  11.3  69.2    3:50    SW
14  21.8  25.6   17:40  18.3    5:40   0.0   3.6   0.0   5.8  33.8   14:40   WNW
15  19.8  24.8   13:30  14.6   00:00   0.4   1.8   6.6   5.3  56.3   11:10    SW
16  17.6  21.4   19:30  12.4    4:30   1.3   0.7   0.0   5.6  32.2   17:20   NNW
17  17.2  20.5   12:40  12.6    6:30   1.5   0.4   0.0   6.9  32.2   15:00    NW
18  16.8  20.5   13:40  12.5    5:40   1.8   0.4   0.0   6.8  35.4   13:50   WNW
19  16.7  20.6   13:00  12.0    6:30   2.1   0.4   0.0   4.3  24.1   14:20   NNW
20  20.0  26.4   16:00  13.7    3:50   1.0   2.7   0.0   4.7  25.7   17:10    SW
21  22.0  27.1   13:30  15.7   22:40   0.4   4.1   0.0  12.6  59.5    6:00    SW
22  16.2  19.2    9:20  12.4    5:00   2.1   0.0   0.4  11.7  41.8   13:20   WNW
23  17.2  20.4   15:30  14.9    3:30   1.5   0.4   0.0  13.8  45.1   13:50   WNW
24  19.8  24.2   11:10  13.6    1:40   0.9   2.3   0.0   5.6  22.5   15:00   NNE
25  19.1  22.9   11:50  14.9   22:30   0.3   1.1   0.0   9.8  33.8   15:30   WNW
26  18.7  22.3   13:40  13.5    4:00   1.1   1.5   0.0   5.5  30.6   13:40   WNW
27  19.6  22.7   14:50  15.4    6:40   0.6   1.9   0.0   4.7  25.7   10:30   NNW
28  19.5  22.7   12:50  14.8    6:10   0.6   1.8   0.0   5.8  29.0   14:20   NNW
29  21.5  26.8   16:30  15.2    4:50   0.5   3.7   0.0   3.9  20.9   14:40   NNW
30  26.9  32.4   16:30  21.8    6:30   0.0   8.6   0.0   8.7  30.6   13:10     W
31  26.8  31.7   15:00  22.2    5:50   0.0   8.5   0.0   6.6  24.1    5:30   WSW
-------------------------------------------------------------------------------------
    18.8  32.4    30    10.2     7    47.5  64.5  20.0   6.9  69.2    13      SW

Max >=  32.0:  1
Max <=   0.0:  0
Min <=   0.0:  0
Min <= -18.0:  0
Max Rain: 6.60 ON 15/05/16
Days of Rain: 10 (> .2 mm) 3 (> 2 mm) 0 (> 20 mm)
Heat Base:  18.3  Cool Base:  18.3  Method: Integration