NOAA Reports/Αναφορές NOAA

Select a Year or Month report

Report for 2016 Apr
                   MONTHLY CLIMATOLOGICAL SUMMARY for APR. 2016

NAME: Mohos Weather Station   CITY: Mohos   STATE: Greece 
ELEV:   420 m  LAT:  35 03' 00" N  LONG:  25 04' 00" E

                   TEMPERATURE (C), RAIN  (mm), WIND SPEED (km/hr)

                                      HEAT  COOL        AVG
    MEAN                              DEG   DEG         WIND                 DOM
DAY TEMP  HIGH   TIME   LOW    TIME   DAYS  DAYS  RAIN  SPEED HIGH   TIME    DIR
------------------------------------------------------------------------------------
 1  15.4  22.6   15:20   9.1    6:30   3.4   0.5   0.0   3.9  29.0   16:40     W
 2  14.9  20.3   12:10  10.8    7:30   3.5   0.1   0.0   3.2  17.7   12:50   NNW
 3  13.5  17.2   16:40   9.3    6:50   4.8   0.0   0.0   3.2  19.3   17:00     N
 4  13.8  17.1   17:30  10.9    3:30   4.5   0.0   0.0   3.2  20.9   14:40   NNW
 5  15.8  21.3   13:50   9.9    2:50   3.2   0.7   0.0   2.4  16.1   13:30   NNW
 6  17.2  23.1   11:10  12.1    7:30   2.0   1.0   0.0   2.6  17.7   14:30   NNW
 7  19.3  27.6   22:50  13.6    5:00   1.3   2.3   0.0   4.0  57.9   23:10    SW
 8  25.2  29.8   13:50  18.9   00:00   0.0   6.9   0.0  10.9  70.8    3:50    SW
 9  16.1  20.6   12:30  12.7    6:30   2.4   0.2   0.0   5.3  30.6   17:40    SW
10  15.8  21.1   12:30  12.5    3:10   2.9   0.5   0.0   8.7  49.9   15:20    SW
11  13.9  16.8   16:00  10.4    6:50   4.4   0.0   0.0  11.9  43.5   18:10   WNW
12  14.8  18.2   14:40  11.3    4:50   3.5   0.0   0.0   6.4  30.6   13:00   WNW
13  16.6  21.3   17:20  10.7    6:40   2.4   0.7   0.0   3.2  22.5   11:10    NW
14  21.1  28.7   17:20  14.0    4:00   0.9   3.7   0.0   3.2  20.9   12:50   WSW
15  22.2  28.8   12:40  14.2   23:50   0.5   4.4   0.0   7.4  40.2   11:00    SW
16  18.4  24.1    9:40  12.8    5:50   1.5   1.6   0.0   3.1  16.1   13:10    NW
17  19.8  24.6   13:00  13.7    6:20   0.8   2.3   0.0   3.1  14.5   11:20   NNW
18  21.2  26.0   10:00  16.0    5:10   0.3   3.2   0.0   2.9  17.7   12:30     W
19  20.4  26.3   11:30  13.9    6:10   0.9   3.0   0.0   2.7  19.3   12:40    NW
20  22.1  28.6   14:40  15.1    2:30   0.4   4.2   0.0   8.4  29.0   13:20    SW
21  16.3  20.3    0:10  12.1   00:00   2.0   0.0   0.0  10.0  46.7   11:30   NNW
22  13.9  17.8   15:30  10.1    6:20   4.4   0.0   0.0   4.0  22.5   12:00   NNW
23  16.4  21.6   12:30  10.8    2:00   2.3   0.4   0.0   5.6  38.6   11:50   NNW
24  17.2  22.3   10:30  12.5    6:40   1.6   0.5   0.0   6.4  27.4   00:00    SW
25  18.0  24.1   15:00  13.1    5:20   1.6   1.2   0.0   7.4  41.8   15:10    SW
26  14.7  18.6    0:20  12.1   23:50   3.6   0.0   0.0  11.6  51.5   14:10   WNW
27  13.7  17.4   17:10   9.2    6:20   4.6   0.0   0.0   5.5  25.7   11:40   NNW
28  16.9  22.2   17:30  10.3    4:00   2.4   1.0   0.0   3.7  22.5   11:20    NW
29  21.3  28.8   13:10  14.2    5:50   0.8   3.8   0.0   4.8  32.2   15:00   NNW
30  19.9  27.4    4:30  14.2   23:20   0.8   2.4   0.0   8.5  54.7    4:30   NNW
-------------------------------------------------------------------------------------
    17.5  29.8     8     9.1     1    67.8  44.8   0.0   5.6  70.8     8     NNW

Max >=  32.0:  0
Max <=   0.0:  0
Min <=   0.0:  0
Min <= -18.0:  0
Max Rain: 0.00 ON 01/04/16
Days of Rain: 0 (> .2 mm) 0 (> 2 mm) 0 (> 20 mm)
Heat Base:  18.3  Cool Base:  18.3  Method: Integration