NOAA Reports/Αναφορές NOAA

Select a Year or Month report
2017 > Jan Feb Mar Apr May Jun Jul Aug Sep Oct Nov Dec
2016 > Jan Feb Mar Apr May Jun Jul Aug Sep Oct Nov Dec

Report for 2017 09
                   MONTHLY CLIMATOLOGICAL SUMMARY for SEP. 2017

NAME: Mohos Weather Station   CITY: Mohos   STATE: Greece 
ELEV:   420 m  LAT:  35 06' 00" N  LONG:  25 06' 00" E

                   TEMPERATURE (C), RAIN  (mm), WIND SPEED (km/hr)

                                      HEAT  COOL        AVG
    MEAN                              DEG   DEG         WIND                 DOM
DAY TEMP  HIGH   TIME   LOW    TIME   DAYS  DAYS  RAIN  SPEED HIGH   TIME    DIR
------------------------------------------------------------------------------------
 1  20.3  23.9   14:30  16.3    6:50   0.4   2.4   0.0   4.3  29.0   13:40   WNW
 2  22.8  27.0   10:55  16.8    1:55   0.1   4.6   0.0   3.2  22.5   11:55   NNW
 3  26.3  31.4   16:00  19.7    3:00   0.0   8.0   0.0   3.4  20.9   15:00   NNW
 4  24.7  27.7   14:45  19.3   23:50   0.0   6.4   0.0   4.3  29.0   12:00    NW
 5  21.6  25.7   12:15  17.3    5:10   0.1   3.4   0.0   3.7  19.3   12:30   NNW
 6  20.6  22.8   11:35  17.4   00:00   0.0   2.4   0.0   6.8  33.8   14:00   NNW
 7  19.7  23.3   14:05  16.1    4:25   0.5   1.9   0.0   4.0  27.4   13:10   NNW
 8  21.9  26.7   17:40  16.2    5:50   0.2   3.8   0.0   3.1  20.9   13:00   NNE
 9  23.9  30.1   17:30  18.7    5:40   0.0   5.6   0.0   3.7  24.1   17:15   NNW
10  25.6  33.3   12:15  21.4   23:55   0.0   7.3   0.0   5.1  29.0   11:20   NNW
11  29.3  36.1   13:50  21.6    0:20   0.0  11.0   0.0   6.8  40.2   23:40   WSW
12  24.5  31.9    0:15  20.8   22:55   0.0   6.2   0.0   6.3  33.8    1:45   NNW
13  22.7  26.9   11:40  19.1    6:35   0.0   4.4   0.0   5.1  27.4   13:25   WNW
14  23.2  27.4   14:20  18.6    6:55   0.0   4.9   0.0   4.5  24.1   10:45   WNW
15  23.2  27.2   13:05  19.1    6:10   0.0   4.9   0.0   4.0  22.5   13:55   WNW
16  22.8  27.2   13:35  18.0    3:55   0.0   4.5   0.0   3.4  25.7   13:00   NNW
17  23.1  27.3   12:50  17.9    6:35   0.0   4.8   0.0   3.4  24.1   13:40   WNW
18  20.8  22.7    1:10  19.8    3:10   0.0   0.7   0.0   0.3   4.8    0:55    SW
19
20
21
22
23
24
25
26
27
28
29
30
-------------------------------------------------------------------------------------
    23.2  36.1    11    16.1     7     1.3  87.0   0.0   4.2  40.2    11     NNW

Max >=  32.0:  2
Max <=   0.0:  0
Min <=   0.0:  0
Min <= -18.0:  0
Max Rain: 0.00 ON 01/09/17
Days of Rain: 0 (> .2 mm) 0 (> 2 mm) 0 (> 20 mm)
Heat Base:  18.3  Cool Base:  18.3  Method: Integration