NOAA Reports/Αναφορές NOAA

Select a Year or Month report

Report for 2017 11
                   MONTHLY CLIMATOLOGICAL SUMMARY for NOV. 2017

NAME: Mohos Weather Station   CITY: Mohos   STATE: Greece 
ELEV:   420 m  LAT:  35 06' 00" N  LONG:  25 06' 00" E

                   TEMPERATURE (C), RAIN  (mm), WIND SPEED (km/hr)

                                      HEAT  COOL        AVG
    MEAN                              DEG   DEG         WIND                 DOM
DAY TEMP  HIGH   TIME   LOW    TIME   DAYS  DAYS  RAIN  SPEED HIGH   TIME    DIR
------------------------------------------------------------------------------------
 1  13.3  14.6   11:20  11.7   19:30   5.0   0.0   0.0   7.4  25.7   22:40   NNE
 2  12.0  13.8   13:35   9.7   23:40   6.3   0.0   0.0   4.7  24.1   14:10   NNW
 3  13.1  17.7   12:15   8.5    3:35   5.2   0.0   0.0   2.1  22.5   13:15   NNE
 4  14.6  17.3   13:35  12.4   20:35   3.7   0.0   4.8   5.8  43.5   16:50     W
 5  13.6  15.2   12:10  10.0   23:55   4.7   0.0   0.0  10.0  37.0   11:10    NW
 6  12.1  16.0   14:05   8.9    4:35   6.2   0.0   0.0   1.9  19.3   14:50   NNE
 7  13.2  17.9   11:25   8.4    6:20   5.1   0.0   0.0   2.1  19.3   11:50   NNE
 8  16.9  24.2   11:25  11.3    1:55   2.7   1.3   0.0   3.9  32.2   12:55     W
 9  15.3  18.5   10:25  12.9    2:20   3.0   0.0   0.0   2.4  20.9   12:20   NNE
10  14.2  16.7   14:40  10.7   23:55   4.1   0.0   0.0   2.4  17.7   13:05   NNE
11  14.7  20.2   15:15  10.1    4:45   3.8   0.2   0.0   2.6  20.9   13:05     W
12  15.3  19.8   11:35  11.9    4:00   3.1   0.1   0.0   2.1  16.1   12:00   WSW
13  15.5  20.3   10:40  11.7   23:55   2.9   0.1   2.0   7.9  45.1   12:05   WSW
14  16.5  21.1   13:20  11.4    1:50   2.3   0.5   0.0   6.0  32.2   14:15    SW
15  17.9  22.4   12:35  14.4   23:40   1.3   0.9   0.0   4.0  25.7   11:50    SW
16  17.3  23.4   12:25  12.4    5:20   2.1   1.1   0.0   2.4  25.7   13:05     W
17  17.5  21.6    9:25  12.6    4:30   1.5   0.8   0.0   5.8  30.6   15:55     W
18
19
20
21
22
23
24
25
26
27
28
29
30
-------------------------------------------------------------------------------------
    14.9  24.2     8     8.4     7    62.9   4.9   6.8   4.3  45.1    13     NNE

Max >=  32.0:  0
Max <=   0.0:  0
Min <=   0.0:  0
Min <= -18.0:  0
Max Rain: 4.80 ON 04/11/17
Days of Rain: 2 (> .2 mm) 2 (> 2 mm) 0 (> 20 mm)
Heat Base:  18.3  Cool Base:  18.3  Method: Integration