NOAA Reports/Αναφορές NOAA

Select a Year or Month report

Report for 2017 10
                   MONTHLY CLIMATOLOGICAL SUMMARY for OCT. 2017

NAME: Mohos Weather Station   CITY: Mohos   STATE: Greece 
ELEV:   420 m  LAT:  35 06' 00" N  LONG:  25 06' 00" E

                   TEMPERATURE (C), RAIN  (mm), WIND SPEED (km/hr)

                                      HEAT  COOL        AVG
    MEAN                              DEG   DEG         WIND                 DOM
DAY TEMP  HIGH   TIME   LOW    TIME   DAYS  DAYS  RAIN  SPEED HIGH   TIME    DIR
------------------------------------------------------------------------------------
 1
 2
 3  16.1  17.2   18:00  14.5   00:00   0.6   0.0   0.0   2.4  19.3   18:05    NW
 4  16.1  19.3   14:45  12.9    3:15   2.3   0.1   0.0   3.9  30.6   14:35    NW
 5  17.4  21.2   15:20  13.2    4:35   1.6   0.8   0.0   3.9  22.5   12:00   NNE
 6  20.7  26.1   15:55  15.8    0:10   0.4   2.9   0.0   2.6  27.4   13:00     W
 7  20.1  23.1   15:40  16.7    7:15   0.2   2.0   0.0   3.5  20.9   12:20   NNE
 8  17.4  20.3    0:50  13.6   23:45   2.5   0.7   1.2   9.3  41.8   11:40   WNW
 9  15.3  18.3   13:50  11.7    5:50   3.0   0.0   0.0   3.2  24.1   11:55   NNE
10  15.6  18.6   15:00  12.8    7:30   2.7   0.0   0.0   3.4  25.7   13:20   NNE
11  15.8  19.7   14:00  12.4    5:30   2.5   0.1   0.0   4.8  27.4   11:00   NNE
12  16.8  19.1   13:50  13.8    1:30   1.6   0.1   0.0   6.9  29.0   10:40    NW
13  15.8  19.6   15:20  12.6    4:35   2.7   0.1   0.0   3.9  30.6   14:10    NW
14  16.9  20.1   15:20  13.1    5:15   1.7   0.3   0.0   7.1  33.8   23:50    NW
15  16.8  18.4   14:50  15.1   23:50   1.5   0.0   0.0  10.3  45.1    3:55    NW
16  16.9  19.7   16:05  13.9    1:45   1.6   0.2   0.0   4.5  25.7   13:10    NW
17  16.7  18.9   14:50  13.7   23:35   1.7   0.0   0.0   5.0  25.7   13:50    NW
18  15.8  19.4   15:05  12.2    5:50   2.6   0.2   0.0   2.3  17.7   12:20   NNE
19  16.6  20.3   14:50  12.7    7:40   2.2   0.5   0.2   2.6  17.7   13:00   NNE
20  16.4  21.1   10:00  13.6    6:30   1.5   0.4   0.0   1.9  19.3   12:15   NNE
21
22
23
24
25
26
27
28
29
30
31
-------------------------------------------------------------------------------------
    16.8  26.1     6    11.7     9    32.7   8.1   1.4   4.5  45.1    15      NW

Max >=  32.0:  0
Max <=   0.0:  0
Min <=   0.0:  0
Min <= -18.0:  0
Max Rain: 1.19 ON 08/10/17
Days of Rain: 2 (> .2 mm) 0 (> 2 mm) 0 (> 20 mm)
Heat Base:  18.3  Cool Base:  18.3  Method: Integration