NOAA Reports/Αναφορές NOAA

Select a Year or Month report
2017 > Jan Feb Mar Apr May Jun Jul Aug Sep Oct Nov Dec
2016 > Jan Feb Mar Apr May Jun Jul Aug Sep Oct Nov Dec

Report for 2017 08
                   MONTHLY CLIMATOLOGICAL SUMMARY for AUG. 2017

NAME: Mohos Weather Station   CITY: Mohos   STATE: Greece 
ELEV:   420 m  LAT:  35 06' 00" N  LONG:  25 06' 00" E

                   TEMPERATURE (C), RAIN  (mm), WIND SPEED (km/hr)

                                      HEAT  COOL        AVG
    MEAN                              DEG   DEG         WIND                 DOM
DAY TEMP  HIGH   TIME   LOW    TIME   DAYS  DAYS  RAIN  SPEED HIGH   TIME    DIR
------------------------------------------------------------------------------------
 1  22.9  25.7   14:25  19.9    6:20   0.0   4.6   0.0   6.0  27.4   15:00   WNW
 2  22.4  24.6   13:45  20.5    2:55   0.0   4.1   0.0   8.7  37.0   11:35   WNW
 3  23.2  26.0   14:35  20.3    3:50   0.0   4.9   0.0   7.4  35.4   13:05   WNW
 4  24.7  26.9   16:20  22.0    2:50   0.0   6.4   0.0  10.0  35.4    9:50   WNW
 5  25.8  28.9   14:50  23.1    0:10   0.0   7.5   0.0   7.6  32.2   18:30   WNW
 6  26.0  29.1   14:50  22.6    5:20   0.0   7.7   0.0   5.6  24.1   11:40   WNW
 7  26.5  29.1   13:55  23.9    5:25   0.0   8.2   0.0   4.8  20.9    4:00   NNW
 8  26.0  29.4   11:25  22.2    2:35   0.0   7.7   0.0   5.6  29.0   13:50   WNW
 9  25.6  28.2   13:15  23.5    4:55   0.0   7.3   0.0   5.3  32.2   16:45    SW
10  25.3  29.4   15:45  23.0    2:25   0.0   7.0   0.0   6.0  25.7   11:35   WNW
11  26.1  29.4   18:10  23.2    4:50   0.0   7.7   0.0   6.4  33.8   11:20   WNW
12  26.4  30.0   16:35  21.5    6:50   0.0   8.1   0.0   5.6  29.0   12:05   WNW
13  26.1  29.0    9:05  22.5   23:20   0.0   7.8   0.0   8.4  33.8    9:45   WNW
14  23.1  26.5   14:10  19.6    6:50   0.0   4.8   0.0   4.8  33.8   11:10   NNW
15  23.2  25.5   14:40  21.4    1:55   0.0   4.9   0.0  10.1  41.8   14:55   WNW
16  23.4  25.2   14:20  22.1    3:50   0.0   5.1   0.0  15.3  43.5   12:45   WNW
17  23.0  24.2   11:05  21.9   23:25   0.0   4.7   0.0  12.7  37.0    4:05   WNW
18  23.5  26.6   13:55  21.1    1:25   0.0   5.2   0.0   7.2  30.6   14:00   WNW
19  24.2  27.9   12:15  20.4    5:10   0.0   5.9   0.0   4.8  24.1   14:40   NNW
20  21.3  21.9    0:05  20.4    2:55   0.0   0.4   0.0   1.4   9.7    1:50     E
21
22
23
24
25
26
27
28
29
30
31
-------------------------------------------------------------------------------------
    24.4  30.0    12    19.6    14     0.0 119.9   0.0   7.2  43.5    16     WNW

Max >=  32.0:  0
Max <=   0.0:  0
Min <=   0.0:  0
Min <= -18.0:  0
Max Rain: 0.00 ON 01/08/17
Days of Rain: 0 (> .2 mm) 0 (> 2 mm) 0 (> 20 mm)
Heat Base:  18.3  Cool Base:  18.3  Method: Integration