NOAA Reports/Αναφορές NOAA

Select a Year or Month report

Report for 2017 12
                   MONTHLY CLIMATOLOGICAL SUMMARY for DEC. 2017

NAME: Mohos Weather Station   CITY: Mohos   STATE: Greece 
ELEV:   420 m  LAT:  35 06' 00" N  LONG:  25 06' 00" E

                   TEMPERATURE (C), RAIN  (mm), WIND SPEED (km/hr)

                                      HEAT  COOL        AVG
    MEAN                              DEG   DEG         WIND                 DOM
DAY TEMP  HIGH   TIME   LOW    TIME   DAYS  DAYS  RAIN  SPEED HIGH   TIME    DIR
------------------------------------------------------------------------------------
 1  16.5  19.6   12:15  13.2    7:55   1.9   0.1   0.0   9.0  40.2   16:10     W
 2  17.8  21.0   10:15  15.6    0:10   1.0   0.4   0.0  10.9  51.5    4:25     W
 3  16.9  20.4   12:35  13.0   23:25   1.8   0.4   0.0   7.9  30.6   13:10     W
 4  14.8  20.1   15:10  11.3    4:55   3.6   0.1   0.0   4.0  30.6   23:50     W
 5  11.0  13.6    0:05   7.2   00:00   7.3   0.0  11.6   7.4  51.5   10:55   WNW
 6   7.9   8.9   23:45   5.8    7:20  10.4   0.0   4.4  19.5  56.3    2:55   NNE
 7   8.9  12.7   16:25   6.0    8:00   9.3   0.0   0.0   3.1  29.0    0:20   NNE
 8  10.8  15.6   15:30   5.6    6:35   7.5   0.0   0.0   4.3  27.4   18:30   WNW
 9  13.2  15.8   14:20  10.6    6:20   5.1   0.0   0.0   9.0  35.4   22:45   WSW
10  13.6  16.0   10:55  10.7   19:15   4.7   0.0   0.0  10.5  43.5    2:00    SW
11  11.7  14.8   12:55   8.5    7:20   6.7   0.0   0.0   0.8  19.3    0:05     W
12  11.6  17.1   10:35   8.3    7:00   6.7   0.0   0.0   1.3  16.1   13:05   NNE
13  12.7  16.2   11:30   9.2    3:00   5.6   0.0   0.0   4.7  32.2   14:35    NW
14  13.0  17.9   14:40   8.4    7:00   5.3   0.0   0.0   4.3  27.4   12:50     W
15  13.9  16.9   13:55  10.5    7:30   4.4   0.0   0.0   6.0  33.8   12:25     W
16  16.3  19.3   12:15  13.6    4:40   2.0   0.0   0.0  10.6  53.1   18:45   WSW
17  16.7  19.6   11:45  15.4    0:55   1.0   0.1   0.0  12.7  69.2    7:55    SW
18
19
20
21
22
23
24
25
26
27
28
29
30
31
-------------------------------------------------------------------------------------
    13.4  21.0     2     5.6     8    84.2   1.1  16.0   7.4  69.2    17       W

Max >=  32.0:  0
Max <=   0.0:  0
Min <=   0.0:  0
Min <= -18.0:  0
Max Rain: 11.61 ON 05/12/17
Days of Rain: 2 (> .2 mm) 2 (> 2 mm) 0 (> 20 mm)
Heat Base:  18.3  Cool Base:  18.3  Method: Integration