NOAA Reports/Αναφορές NOAA

Select a Year or Month report
2017 > Jan Feb Mar Apr May Jun Jul Aug Sep Oct Nov Dec
2016 > Jan Feb Mar Apr May Jun Jul Aug Sep Oct Nov Dec

Report for 2017 05
                   MONTHLY CLIMATOLOGICAL SUMMARY for MAY. 2017

NAME: Mohos Weather Station   CITY: Mohos   STATE: Greece 
ELEV:   420 m  LAT:  35 06' 00" N  LONG:  25 06' 00" E

                   TEMPERATURE (C), RAIN  (mm), WIND SPEED (km/hr)

                                      HEAT  COOL        AVG
    MEAN                              DEG   DEG         WIND                 DOM
DAY TEMP  HIGH   TIME   LOW    TIME   DAYS  DAYS  RAIN  SPEED HIGH   TIME    DIR
------------------------------------------------------------------------------------
 1  15.9  17.8   16:35  13.7   23:40   2.4   0.0   3.0   5.8  25.7   14:10   WNW
 2  17.0  20.7   13:10  12.4    4:35   1.9   0.6   0.0   4.2  24.1   12:35    SW
 3  17.7  21.9   14:50  13.2    1:25   1.6   1.0   0.0   3.5  20.9   13:20   NNW
 4  18.9  23.4   12:20  14.1    4:50   1.2   1.8   0.0   2.9  19.3   12:35   NNW
 5  19.5  23.5   18:15  15.6    5:45   0.6   1.8   0.0   3.9  27.4   15:25   NNW
 6  21.8  27.8   16:50  16.4    6:00   0.1   3.6   0.0   6.8  32.2   13:05   WNW
 7  22.6  29.4   17:40  15.2    5:55   0.4   4.7   0.0   5.8  32.2   15:10     W
 8  24.9  28.1   17:20  21.4    8:45   0.0   6.6   0.0   9.2  53.1   16:20    SW
 9  22.2  29.7    5:25  14.9   23:35   0.3   4.2   0.0  10.8  56.3    5:20   NNW
10  16.9  20.5   15:25  12.9    3:35   1.8   0.5   0.0   5.8  27.4   10:50   WNW
11  18.2  22.1   18:40  13.7    6:40   1.2   1.1   0.0   3.4  19.3   10:15   NNW
12  24.4  31.6   14:00  16.0    0:35   0.3   6.4   0.0   3.7  20.9   14:40   WSW
13  28.8  34.9   13:15  24.6    5:45   0.0  10.5   0.0   5.6  22.5   13:55   WSW
14  26.3  31.4   12:30  20.7    4:50   0.0   8.0   0.0   4.2  22.5   10:45    SW
15  21.2  23.9   12:20  17.0   23:35   0.1   3.0   0.0   4.3  20.9   13:00   NNW
16  17.6  19.9   12:45  15.5    3:50   1.0   0.3   0.0   5.3  32.2   13:35   WNW
17  16.4  19.9   12:55  13.0    6:10   2.0   0.1   0.4   4.8  22.5   12:15   WNW
18  15.4  16.9   18:15  14.3    2:30   2.9   0.0   0.2   4.5  20.9   14:30   WNW
19  14.9  16.4   15:10  13.8   23:35   3.3   0.0   3.8  12.1  40.2    8:15   WNW
20  16.8  21.4   17:20  11.2    3:05   2.2   0.6   0.0   6.0  30.6   16:40   WNW
21  18.0  23.8   12:55  12.6    6:35   1.5   1.2   0.0   5.6  27.4   12:20   WSW
22  15.7  18.0   17:15  13.5   23:40   2.6   0.0   3.2   7.6  30.6   10:00   WNW
23  17.5  20.9   17:50  12.8    3:40   1.6   0.8   0.0   5.1  25.7    8:40   NNW
24  18.5  23.4   15:00  13.2    6:00   1.2   1.3   0.0   3.5  19.3   13:05   NNW
25
26
27
28
29
30
31
-------------------------------------------------------------------------------------
    19.5  34.9    13    11.2    20    30.1  57.9  10.6   5.6  56.3     9     WNW

Max >=  32.0:  1
Max <=   0.0:  0
Min <=   0.0:  0
Min <= -18.0:  0
Max Rain: 3.81 ON 19/05/17
Days of Rain: 5 (> .2 mm) 3 (> 2 mm) 0 (> 20 mm)
Heat Base:  18.3  Cool Base:  18.3  Method: Integration