NOAA Reports/Αναφορές NOAA

Select a Year or Month report
2017 > Jan Feb Mar Apr May Jun Jul Aug Sep Oct Nov Dec
2016 > Jan Feb Mar Apr May Jun Jul Aug Sep Oct Nov Dec

Report for 2017 06
                   MONTHLY CLIMATOLOGICAL SUMMARY for JUN. 2017

NAME: Mohos Weather Station   CITY: Mohos   STATE: Greece 
ELEV:   420 m  LAT:  35 06' 00" N  LONG:  25 06' 00" E

                   TEMPERATURE (C), RAIN  (mm), WIND SPEED (km/hr)

                                      HEAT  COOL        AVG
    MEAN                              DEG   DEG         WIND                 DOM
DAY TEMP  HIGH   TIME   LOW    TIME   DAYS  DAYS  RAIN  SPEED HIGH   TIME    DIR
------------------------------------------------------------------------------------
 1  21.7  26.7   14:05  15.9    5:35   0.3   3.7   0.0   3.1  16.1   11:05   NNW
 2  23.1  28.4   10:15  17.9    4:15   0.0   4.8   0.0   3.4  20.9   15:15   NNW
 3  22.5  27.1   14:20  17.9   00:00   0.0   4.2   0.0   2.9  19.3   15:30    NW
 4  21.9  27.2   10:20  17.6    0:50   0.0   3.7   0.0   3.5  25.7   11:45    SW
 5  19.7  22.8   11:00  15.2    5:50   0.5   2.0   0.0   3.9  20.9   11:20   NNW
 6  20.4  23.5   17:15  16.3    5:05   0.3   2.4   0.0   3.9  24.1   15:35   NNW
 7  22.4  27.6   12:05  17.1    5:45   0.1   4.1   3.4   4.0  54.7   23:55   NNW
 8  21.2  25.6    2:20  18.6    5:45   0.0   2.8   6.4   6.0  74.0    0:25   NNW
 9  20.9  25.3   13:45  16.6    6:35   0.1   2.7   0.0   4.5  27.4   11:50   NNW
10  20.9  24.4   17:00  16.9    5:25   0.1   2.7   0.0   3.5  20.9   13:40   NNW
11  20.3  22.9   15:25  16.6    6:35   0.1   2.1   0.0   4.7  22.5   12:40   NNW
12  19.6  21.8   12:00  17.7    5:55   0.0   1.3   0.0   6.6  30.6   11:55   WNW
13  20.0  22.9   14:45  16.8    1:55   0.1   1.8   0.0   6.8  30.6   12:45   WNW
14  22.7  26.7   18:15  17.5    0:25   0.0   4.4   0.0   5.0  27.4   12:10   NNW
15  25.3  30.8   15:35  20.1    6:25   0.0   7.0   0.0   3.5  22.5   16:05    NW
16  23.4  27.2   15:00  19.8    2:45   0.0   5.1   0.0   3.7  19.3   13:40   NNW
17  23.2  27.4   15:10  19.3    2:05   0.0   4.9   0.0   3.9  22.5   12:40   NNW
18  21.0  24.4   12:00  18.4   23:45   0.0   2.7   0.0   5.5  24.1   13:15   NNE
19  19.1  21.1   13:40  17.5    3:35   0.1   0.9   0.6   8.4  30.6   15:25    NW
20  19.6  21.3   18:00  17.8    5:45   0.1   1.3   0.0  13.5  37.0   12:15    NW
21  21.2  24.6   16:15  17.3    5:35   0.1   3.0   0.0   8.0  33.8    8:35   WNW
22  22.3  25.8   18:15  17.2    6:25   0.1   4.0   0.0   4.7  25.7   12:00   NNE
23  24.4  28.6   12:30  18.3    6:20   0.0   6.2   0.0   3.5  24.1   11:50   NNW
24  24.9  30.3   12:55  20.9    6:00   0.0   3.6   0.0   2.6  17.7   13:05   ESE
25
26
27
28
29
30
-------------------------------------------------------------------------------------
    21.7  30.8    15    15.2     5     2.1  81.5  10.4   5.0  74.0     8     NNW

Max >=  32.0:  0
Max <=   0.0:  0
Min <=   0.0:  0
Min <= -18.0:  0
Max Rain: 6.40 ON 08/06/17
Days of Rain: 3 (> .2 mm) 2 (> 2 mm) 0 (> 20 mm)
Heat Base:  18.3  Cool Base:  18.3  Method: Integration